180 and 3180?
60
What is the highest common factor of 1122 and 102?
102
Calculate the highest common divisor of 459 and 189.
27
Calculate the highest common factor of 350 and 70.
70
What is the highest common divisor of 99 and 1397?
11
What is the highest common factor of 8477 and 441?
49
What is the greatest common factor of 295 and 55?
5
Calculate the greatest common factor of 35 and 105.
35
What is the highest common divisor of 12 and 24?
12
Calculate the greatest common divisor of 10 and 25.
5
What is the highest common divisor of 34174 and 14?
14
Calculate the highest common factor of 162 and 42.
6
Calculate the highest common divisor of 23 and 23.
23
Calculate the highest common divisor of 2 and 362.
2
What is the greatest common factor of 760 and 90?
10
Calculate the greatest common factor of 78 and 936.
78
Calculate the highest common divisor of 1 and 7.
1
Calculate the highest common factor of 26 and 65.
13
Calculate the greatest common factor of 392 and 1288.
56
What is the greatest common divisor of 557 and 3?
1
Calculate the greatest common divisor of 11455 and 237.
79
What is the highest common divisor of 923 and 13?
13
Calculate the highest common divisor of 34 and 2006.
34
Calculate the greatest common divisor of 4 and 356.
4
What is the greatest common factor of 35 and 77?
7
Calculate the greatest common factor of 144 and 90.
18
Calculate the greatest common factor of 73 and 34091.
73
What is the highest common factor of 336 and 2562?
42
What is the greatest common divisor of 735 and 135?
15
What is the greatest common factor of 14 and 8512?
14
What is the highest common divisor of 55 and 440?
55
Calculate the highest common divisor of 16 and 2.
2
What is the greatest common factor of 60 and 6468?
12
What is the greatest common factor of 3074 and 145?
29
Calculate the greatest common divisor of 32 and 28.
4
Calculate the highest common divisor of 7828 and 684.
76
Calculate the highest common factor of 120 and 9560.
40
Calculate the highest common factor of 48 and 6000.
48
Calculate the greatest common divisor of 595 and 35.
35
Calculate the highest common factor of 4559 and 47.
47
Calculate the highest common divisor of 48 and 408.
24
What is the highest common divisor of 5 and 4115?
5
What is the highest common factor of 260 and 5?
5
What is the greatest common factor of 136 and 748?
68
Calculate the greatest common factor of 49 and 728.
7
Calculate the greatest common factor of 6685 and 315.
35
Calculate the greatest common divisor of 9143 and 446.
223
Calculate the highest common factor of 5978 and 122.
122
Calculate the highest common divisor of 35 and 5390.
35
Calculate the highest common factor of 16 and 800.
16
What is the highest common divisor of 1248 and 78?
78
What is the greatest common factor of 237 and 553?
79
What is the highest common factor of 102 and 13396?
34
What is the highest common factor of 4 and 324?
4
Calculate the greatest common factor of 336 and 560.
112
What is the greatest common factor of 130 and 624?
26
What is the greatest common divisor of 24 and 216?
24
Calculate the greatest common factor of 3848 and 208.
104
Calculate the greatest common divisor of 56 and 8876.
28
Calculate the highest common factor of 174 and 30276.
174
Calculate the highest common factor of 17 and 1462.
17
Calculate the greatest common divisor of 5481 and 21.
21
Calculate the greatest common divisor of 424 and 16.
8
What is the highest common factor of 84 and 5628?
84
What is the highest common factor of 6260 and 40?
20
What is the greatest common factor of 1030 and 8858?
206
What is the greatest common divisor of 16350 and 300?
150
What is the greatest common divisor of 707 and 1515?
101
What is the greatest common factor of 700 and 900?
100
Calculate the greatest common factor of 116 and 1102.
58
Calculate the greatest common divisor of 3 and 69.
3
Calculate the highest common divisor of 360 and 184.
8
What is the highest common factor of 31430 and 70?
70
Calculate the greatest common factor of 80 and 464.
16
Calculate the highest common factor of 54 and 32.
2
Calculate the highest common divisor of 56 and 560.
56
Calculate the greatest common factor of 624 and 96.
48
What is the highest common factor of 18 and 198?
18
What is the highest common divisor of 36 and 1740?
12
Calculate the greatest common factor of 160 and 944.
16
Calculate the highest common divisor of 453 and 6.
3
Calculate the highest common divisor of 85 and 6443.
17
What is the greatest common factor of 2420 and 80?
20
Calculate the greatest common factor of 8155 and 105.
35
What is the highest common divisor of 328 and 56?
8
Calculate the greatest common divisor of 333 and 18537.
111
What is the greatest common factor of 14043 and 4077?
453
Calculate the highest common factor of 3440 and 16.
16
Calculate the highest common divisor of 1356 and 4.
4
Calculate the greatest common factor of 6 and 186.
6
What is the highest common divisor of 276 and 32?
4
What is the highest common factor of 238 and 21?
7
Calculate the greatest common divisor of 448 and 28.
28
What is the greatest common factor of 627 and 570?
57
Calculate the highest common factor of 459 and 204.
51
What is the greatest common divisor of 23 and 5?
1
What is the highest common divisor of 152 and 11?
1
Calculate the greatest common factor of 29 and 406.
29
What is the highest common factor of 196 and 539?
49
What is the highest common factor of 30 and 18?
6
Calculate the highest common divisor of 615 and 15.
15
Calculate the highest common divisor of 26 and 442.
26
What is the highest common divisor of 17533 and 89?
89
Calculate the highest common factor of 38 and 3667.
19
Calculate the highest common factor of 242 and 88.
22
Calculate the greatest common factor of 228 and 950.
38
What is the highest common divisor of 2940 and 480?
60
Calculate the highest common factor of 1750 and 14.
14
What is the greatest common divisor of 52 and 36?
4
Calculate the greatest common divisor of 9063 and 1881.
171
What is the highest common divisor of 144 and 132?
12
What is the greatest common divisor of 84 and 70?
14
What is the greatest common factor of 175 and 133?
7
Calculate the highest common divisor of 630 and 60.
30
What is the greatest common divisor of 33 and 2013?
33
What is the highest common divisor of 600 and 1140?
60
What is the greatest common divisor of 108 and 1908?
36
What is the highest common factor of 196 and 2548?
196
Calculate the greatest common divisor of 65 and 18980.
65
Calculate the greatest common divisor of 38 and 38.
38
What is the highest common factor of 24 and 2616?
24
What is the greatest common divisor of 2114 and 42?
14
Calculate the highest common factor of 6 and 29.
1
What is the greatest common factor of 78 and 14430?
78
What is the highest common factor of 322 and 184?
46
What is the greatest common divisor of 630 and 28?
14
Calculate the greatest common factor of 2100 and 588.
84
Calculate the highest common factor of 53314 and 92.
46
What is the highest common factor of 45535 and 35?
35
Calculate the highest common factor of 27 and 189.
27
What is the greatest common factor of 181 and 8507?
181
Calculate the greatest common divisor of 405 and 5.
5
What is the highest common divisor of 108 and 54?
54
Calculate the highest common factor of 51088 and 412.
412
Calculate the highest common factor of 616 and 3584.
56
Calculate the highest common divisor of 55 and 1745.
5
What is the highest common factor of 161 and 46?
23
Calculate the greatest common factor of 54 and 6858.
54
What is the greatest common divisor of 28 and 210?
14
What is the greatest common divisor of 4758 and 12?
6
What is the highest common factor of 270 and 240?
30
Calculate the highest common divisor of 76 and 1482.
38
Calculate the greatest common factor of 623 and 445.
89
Calculate the greatest common factor of 588 and 252.
84
Calculate the highest common divisor of 1352 and 26.
26
Calculate the greatest common factor of 110 and 110.
110
What is the highest common factor of 1034 and 44?
22
What is the highest common divisor of 3553 and 44?
11
What is the highest common divisor of 7 and 7?
7
What is the greatest common divisor of 8 and 256?
8
Calculate the highest common factor of 33 and 9.
